) = 16*a**3 + 78*a**2 - a + 3. Let y(j) = 5*w(j) - 9*x(j). Determine y(5).
-69
Let o be (-40)/16*24/(-10). Let s(d) = -3*d + 9*d**2 - 1 + 3 + 0*d**2 - o*d**2. What is s(2)?
8
Let r(q) be the second derivative of 20*q**3/3 + 239*q**2 - 2*q - 1770. What is r(-12)?
-2
Let g(u) = u**2 - 27*u - 28. Suppose 41*s - 6569 = -5503. Calculate g(s).
-54
Let k(b) = 2*b**3 - b**2 + 3*b + 3. Suppose -4*h + 7 = -3*m, 4*m - 18 = 4*h + 6*m. Determine k(h).
-23
Let i(w) = -w**3 + 0*w**3 + w**2 - 4*w**2 - 2 + 4*w. Let p(g) = -29*g - 27*g**2 - 2*g**3 - 19*g + 34*g - 17. Let o be p(-13). Calculate i(o).
-2
Suppose 31*t + 106 = 199. Let o(d) = -3*d**2 - 5. Calculate o(t).
-32
Suppose l + 26 = 2*b + 30, 4*l - 4*b = 20. Let y(r) = -r + 23. What is y(l)?
17
Suppose 9*w - 14*w = -4010. Let m(p) = 804*p + w*p + 8 - 1605*p. Calculate m(-9).
-1
Let q(v) be the second derivative of v**7/420 + v**6/120 + v**5/60 - 25*v**3/3 - 88*v. Let l(o) be the second derivative of q(o). Determine l(-2).
-8
Let u(z) = z**2 + z + 1. Let c = 1577 + -1575. Determine u(c).
7
Suppose 9*k + 48 + 87 = 0. Let j(y) be the first derivative of y**4/4 + 14*y**3/3 - 8*y**2 - 10*y + 1266. What is j(k)?
5
Let c(p) = 6*p + 4. Let o(w) = -7*w - 4. Let x(h) = -8*h - 5. Let a(s) = 3*o(s) - 4*x(s). Let l(t) = -3*a(t) + 5*c(t). Give l(-3).
5
Let y(t) = -11*t**2 + 98*t + 129. Let w be y(10). Let n(o) be the third derivative of -o**5/60 + 5*o**4/24 + 7*o**3/6 + 3*o**2. Determine n(w).
-29
Suppose 0 = 2*s + 5*s - 9*s. Suppose -4*w = -3*z, -3*w - 2*w + 3*z + 3 = s. Let m(a) = 35*a - 1 - a**2 - 17*a - 16*a. Calculate m(w).
-4
Let f(x) = -17*x - 4. Let s be f(-4). Let k = s + -64. Suppose 0 = q + 2*q - 5*m + 32, -5*m + 20 = k. Let r(u) = u**3 + 5*u**2 + 4*u + 3. Give r(q).
3
Let t(d) = -3*d - 6. Let g(v) = 34*v + 46. Let r(o) = g(o) + t(o). What is r(-1)?
9
Let r(z) = z**3 - z**2 - 12. Suppose 6*b - 9*b = 63. Let c be -3 + (-69)/b + 103/7. Suppose -4*s - 15 = -c. What is r(s)?
-12
Suppose z = -3*z - 8. Let a(i) = 7*i**2 - 18*i**2 - i - 1 + 13*i**2 + 11*i**2 - 27*i**2 + 13*i**2. Give a(z).
-3
Let w = -446 - -451. Let j = -35 - -29. Let q(m) = 5*m + 6. Let u(a) = a. Let i(d) = j*u(d) + q(d). Determine i(w).
1
Let b(d) = -d**2 + 16*d - 55. Let s be b(11). Let q(w) be the third derivative of 0 + s*w - w**3 - 18*w**2 + 1/60*w**5 + 1/3*w**4. Give q(-9).
3
Let n(j) = -61*j - 28. Let x(w) = -192*w - 85. Let u(c) = -10*n(c) + 3*x(c). Calculate u(-1).
-9
Let t(w) = -3*w. Suppose 5*y = 2*f - 6, 0 = -5*y + y. Suppose f*l + 18 = -6. Let i = l + 6. What is t(i)?
6
Let y(p) be the third derivative of p**5/15 + p**3/2 + 19*p**2. Let q(i) = -3*i**2 + i - 2. Let h = -18 - -22. Let o(s) = h*y(s) + 5*q(s). What is o(-5)?
2
Let a(v) be the third derivative of -v**6/120 + 5*v**5/12 - v**4/24 + 6*v**3 - 127*v**2. Determine a(25).
11
Let h(z) be the second derivative of -z**5/20 - 7*z**4/3 + 31*z**3/3 + 24*z**2 - 4*z + 12. Give h(-30).
-12
Let r(p) = p**3 + 2*p**2 + p + 24. Let v(o) = o**3 - 24*o**2 - 33*o + 196. Let s be v(25). Give r(s).
-12
Suppose -6*f + 10*f - 4*n - 4 = 0, 0 = 4*f + n - 14. Suppose -f*i + 25 = 2*i. Let q(o) = o**2 - 5*o - 6. Give q(i).
-6
Let j(d) = 2*d - 2. Let t = 205 - 201. Suppose -t*f - 6 = -3*m + 6*m, 3*m - f = 9. Calculate j(m).
2
Let i(j) = 20 - 1 + j - 3 - 13 - 5. Let t(c) = -6 + 3*c - 4*c - 4*c + 8*c. Let u be t(4). Calculate i(u).
4
Let w(k) = -15*k - 116. Let v be w(-8). Suppose -21 = 4*i - 3*m, -4*i - v = 3*m - 1. Let t(d) = d**3 - d**2 + 1. What is t(i)?
-35
Let o(w) = w**3 - 2*w**2 - 2*w - 1. Let u(q) be the third derivative of q**6/120 - q**4/24 + q**2 + 32*q. Let b(k) = 2*o(k) - 3*u(k). What is b(-3)?
-8
Let v(w) = -w**3 - 7*w**2 - 7*w - 9. Let g = -31 + 35. Let z be 0 - -17 - -2*g/8. Let u(a) = -a**2 + 16*a + 30. Let f be u(z). Give v(f).
-3
Let f(m) be the first derivative of -111 + 1/4*m**4 + m**2 - m - 2/3*m**3. What is f(2)?
3
Let z(q) = 2*q**3 - 3*q**2 - 5*q + 2. Let m be z(3). Suppose 0 = 7*d - 0 - m. Let p(c) = 4*c - c + 4*c**3 - d - 6*c**3 - 3*c**2 + 3*c**3. Give p(3).
7
Let j(s) = -56*s**2 - 56*s**2 + 20 - 7 + 14*s + 113*s**2 - 5*s. Determine j(-9).
13
Let m(s) = 120*s**3 - s + s - 121*s**3 - 13*s**3. Determine m(1).
-14
Let p(h) = h**3 + 7*h**2 + 3*h - 2. Suppose 20*x + 182 = 7*x. Let y(z) = 7*z + 91. Let f be y(x). Give p(f).
-23
Let i(p) = 6*p + 664*p**2 + 2*p - 663*p**2 + 0*p. Let w(b) = -b**3 - 4*b**2 - 3*b + 2. Let k be w(-3). Suppose 3*c + 3*l = 5*l - 17, k*c + 12 = l. What is i(c)?
-7
Let n(g) = g + 20. Suppose 0 = 65*t - 14*t + 14*t + 975. What is n(t)?
5
Let h(o) = 2*o + 10. Let q(k) = k - 10. Let x = 60 + -45. Let n be q(x). Suppose 4*d + 2*m = -27 + 7, 2*d = -n*m + 6. Calculate h(d).
-4
Let k(s) = 13*s - 50. Let n(g) = -13*g + 55. Let x(v) = -4*k(v) - 3*n(v). Give x(3).
-4
Let r(t) = -18*t + 1. Let b be 1*-1*(0 + -5). Suppose -121 = -28*o - 37. Suppose 3*a + b*m = -22, o*a + m = -m - 7. Determine r(a).
-17
Let w(k) = 3*k**2 + 15*k - 70. Let q(s) = 4*s**2 + 13*s - 57. Let l(o) = -5*q(o) + 4*w(o). Calculate l(1).
-8
Let w be (23 - 23) + 2 + 0/(-2). Let r(j) = -j - 14 - 35*j**w + 14*j**2 + 9*j**2 + 11*j**2. Determine r(0).
-14
Suppose -2*h - 42*g + 37*g = -39, -3*g = -4*h + 13. Let w(c) = 5*c - 25. What is w(h)?
10
Let i(w) be the second derivative of -w**3 + 36*w. Let y be 1 + 1 - (3 - (-1 - -2)). Suppose 4*s + 4*o + 3 - 23 = 0, y = 3*s + 2*o - 14. Give i(s).
-24
Let n(s) = s + 16. Let t be n(-13). Let q(y) = 4*y - 5*y + t*y + 2 - 3*y. Let j(v) = -v**3 + 5*v**2 + 8*v - 6. Let g be j(6). Calculate q(g).
-4
Let a(z) be the first derivative of 2*z**3/3 + 2*z - 1. Let n = -101273 - -101271. Determine a(n).
10
Suppose 9*t - 2*t = 77. Suppose 5*y + 0*l - 35 = -2*l, -3*l = 4*y - 21. Let w = y - t. Let m(o) = o**2 + 2*o + 2. Determine m(w).
2
Let q(t) = 3*t - 8. Suppose 0 = -5*u - 5*z + 55, 5*z - 19 = -3*u + 12. Suppose u*o - 77 = -5. Determine q(o).
10
Let w be 20/30 + 195/(-9). Let s(r) = r**2 + 30*r + 194. Give s(w).
5
Let z(t) = -9*t + 1. Let x(j) = 34*j - 3. Let y(o) = -6*x(o) - 22*z(o). Let n(h) = h**2 + 11*h + 29. Let b be n(-6). Determine y(b).
2
Let s(g) = g**2 + 11*g - 150. Let k be (-19)/(-532)*-32*(-5 - 2). Determine s(k).
2
Suppose 50 + 6 = 8*a. Suppose 5 = -s + a. Suppose 5 = 3*d - 4*t, -s*d = -d - 4*t + 1. Let o(x) = -x**3 + x**2 + 3*x + 4. What is o(d)?
-5
Suppose 0 = -2*j + 53 - 49. Let w(r) = -1 - r**j - 2 + 0 + 8*r - 1. Suppose 0*f + 5*h + 45 = 5*f, 0 = -3*f + 5*h + 29. What is w(f)?
-4
Let d be -63*4/180 + (-2)/(-5). Let o(r) = -9*r**2 - 23*r - 22. Give o(d).
-8
Let h(v) be the second derivative of v**5/20 + v**4/2 + v**3 - 3*v**2 + 9*v. Let j = 356 - 362. Give h(j).
-42
Let c(b) be the third derivative of b**5/3 - 31*b**4/24 + 3*b**3/2 - 199*b**2. Let x(q) = 9*q**2 - 14*q + 4. Let i(j) = 4*c(j) - 9*x(j). Calculate i(3).
-3
Let a be 3*(-4)/8*-2. Let h(g) be the first derivative of -10*g**2 - 8*g**2 - a*g + 17*g**2 - 2 - 11. What is h(-2)?
1
Suppose a + 4*a - 9 = -g, 2*g + 5*a - 13 = 0. Let r be (g + -9)/(-1) - 0. Suppose r*u - 17 = 3*v - 1, -15 = -5*v. Let q(j) = -j**2 + 4*j - 4. Give q(u).
-9
Let t(z) be the first derivative of -z**4/4 + 2*z**3 + z**2/2 - 25*z - 1162. Give t(5).
5
Let u be 52/3 + (-3)/(171/(-38)). Let w(x) = -5*x + 66. Calculate w(u).
-24
Let o(u) be the second derivative of -u**3/6 + 14*u**2 - 620*u + 2. Calculate o(8).
20
Let g(n) = n**3 + 7*n**2 + 5*n - 5. Let f(c) = -22*c**2 + 34*c**2 + 144 - 35*c - 11*c**2. Let b be f(30). Give g(b).
1
Suppose -2*g - 1 = -5*l - 26, 4*l = -12. Let s be ((-2)/6)/(1/(-78)). Suppose 14 + s = -g*j. Let q(c) = c + 3. Give q(j).
-5
Let q(r) = r**3 - 7*r**2 + 5. Let w be 4 + (-9 - 1) - -13. Calculate q(w).
5
Let v(j) = -4*j - 8. Let f(g) = g + 1. Let q be 5 + 84/(-20) - (-9)/(-5). Let t(o) = q*v(o) - 5*f(o). What is t(-4)?
7
Suppose -320 = -4*l + 4*m, -5*l = -4*m + 199 - 604. Let j be (0 + -2 + 1)/((-5)/l). Let s(r) = r**3 - 16*r**2 - 18*r + 18. Calculate s(j).
1
Let j(s) = -477 + 10*s - 12*s + 467. Calculate j(1).
-12
Let c(q) = 67*q - 8. Let z be c(2). Suppose 13*a + 22 = z. Let s(v) = 4*v - 22. Give s(a).
10
Suppose 0 = -3*u + 9, 6*r + 83 = 10*r + 9*u. Let x(w) = -14*w + 205. Determine x(r).
9
Let x(c) = -17 + 34 - c**2 - 19*c**2 - 16. Suppose -2 = -v + 3*v. Determine x(v).
-19
Let k be (-7)/(-3) - (-754)/609*7. 